{"id":838,"date":"2020-01-17T20:48:10","date_gmt":"2020-01-17T19:48:10","guid":{"rendered":"http:\/\/happybus.pl\/?page_id=838"},"modified":"2024-01-22T13:37:18","modified_gmt":"2024-01-22T12:37:18","slug":"walentynki-dzien-kobiet-3","status":"publish","type":"page","link":"https:\/\/happybus.pl\/index.php\/walentynki-dzien-kobiet-3\/","title":{"rendered":"Walentynki Dzie\u0144 Kobiet"},"content":{"rendered":"<div id=\"blog-1\" class=\"ui--blog ui--blog-wrapper ui--pass\" data-layout=\"mini\" data-columns=\"1\"><div class=\"ui--blog-item ui--animation ui--accent-gradient-hover-parent clearfix layout--mini\"><div class=\"ui--blog-content-wrapper\"><div class=\"ui--blog-header\"><h5 class=\"ui--blog-title entry-title\"><a class=\"ui--blog-link\" href=\"https:\/\/happybus.pl\/index.php\/2024\/02\/19\/weekend-w-stolicy-warszawa\/\">Weekend w stolicy- WARSZAWA<\/a><\/h5><\/div><div class=\"ui--blog-content\">INFORMACJE OG\u00d3LNE\n Rodzaj imprezy: wycieczka\nKraj\/miejscowo\u015b\u0107: Polska\/Warszawa\nIlo\u015b\u0107 dni: 2\nIlo\u015b\u0107 nocleg\u00f3w:  1\nTermin:16-17.05.2026\nWy\u017cywienie:HB\nTransport: autokar\nCena: 550,00z\u0142 + 4,00z\u0142 TFG i TFP\n \n\n \n \n\n \nKOMUNIKAT UWAGA! WA\u017bNE przed dokonaniem rezerwacji!\nRezerwacji  dokonuje si\u0119 automatycznie przez klikni\u0119cie przycisku \u201eRezerwuj\u201d przy wybranym terminie i wype\u0142nienie pojawiaj\u0105cego si\u0119 formularza.  Nale\u017cy dok\u0142adnie przeczyta\u0107 i zaznaczy\u0107 odpowiednie ...<\/div><div class=\"ui--blog-readmore more-link\"><a class=\"btn btn-small btn-secondary muted\" href=\"https:\/\/happybus.pl\/index.php\/2024\/02\/19\/weekend-w-stolicy-warszawa\/\">Czytaj wi\u0119cej...<\/a><\/div><\/div><\/div><div class=\"ui--blog-item ui--animation ui--accent-gradient-hover-parent clearfix layout--mini last-item\"><div class=\"ui--blog-content-wrapper\"><div class=\"ui--blog-header\"><h5 class=\"ui--blog-title entry-title\"><a class=\"ui--blog-link\" href=\"https:\/\/happybus.pl\/index.php\/2023\/01\/17\/szwecja-na-weekend-promem\/\">DZIE\u0143 KOBIET na promie do SZWECJI<\/a><\/h5><\/div><div class=\"ui--blog-content\">INFORMACJE OG\u00d3LNE\n Rodzaj imprezy: Wycieczka autokarowo-promowa\nKraj\/miejscowo\u015b\u0107: Szwecja\/Karlskrona-Kalmar-Olandia + Gda\u0144sk i Toru\u0144\nIlo\u015b\u0107 dni: 3\nIlo\u015b\u0107 nocleg\u00f3w: 2 \nTermin: 13-15.03.2026\nWy\u017cywienie: Hb \nTransport: autokar + prom\nCena: 1290,00z\u0142 + TFG i TFP \n \n\n \n \n\n \nKOMUNIKAT UWAGA!!!! W Karlskronie i innych miejscach za wej\u015bcia do obiekt\u00f3w mo\u017cliwo\u015b\u0107 p\u0142atno\u015bci wy\u0142\u0105cznie kart\u0105 p\u0142atnicz\u0105. Wiele miejsc w ...<\/div><div class=\"ui--blog-readmore more-link\"><a class=\"btn btn-small btn-secondary muted\" href=\"https:\/\/happybus.pl\/index.php\/2023\/01\/17\/szwecja-na-weekend-promem\/\">Czytaj wi\u0119cej...<\/a><\/div><\/div><\/div><\/div>","protected":false},"excerpt":{"rendered":"<p>Weekend w stolicy- WARSZAWAINFORMACJE OG\u00d3LNE Rodzaj imprezy: wycieczka Kraj\/miejscowo\u015b\u0107: Polska\/Warszawa Ilo\u015b\u0107 dni: 2 Ilo\u015b\u0107 nocleg\u00f3w: 1 Termin:16-17.05.2026 Wy\u017cywienie:HB Transport: autokar Cena: 550,00z\u0142 + 4,00z\u0142 TFG i TFP KOMUNIKAT UWAGA! WA\u017bNE przed dokonaniem rezerwacji! Rezerwacji dokonuje si\u0119 automatycznie przez klikni\u0119cie przycisku \u201eRezerwuj\u201d przy wybranym terminie i wype\u0142nienie pojawiaj\u0105cego si\u0119 formularza. Nale\u017cy dok\u0142adnie przeczyta\u0107 i zaznaczy\u0107 odpowiednie &#8230;Czytaj wi\u0119cej&#8230;DZIE\u0143 KOBIET na promie do SZWECJIINFORMACJE OG\u00d3LNE Rodzaj imprezy: Wycieczka autokarowo-promowa Kraj\/miejscowo\u015b\u0107: Szwecja\/Karlskrona-Kalmar-Olandia + Gda\u0144sk i Toru\u0144 Ilo\u015b\u0107 dni: [&hellip;]<\/p>\n","protected":false},"author":1,"featured_media":0,"parent":0,"menu_order":0,"comment_status":"closed","ping_status":"closed","template":"page-sidebar-left.php","meta":{"footnotes":""},"yoast_head":"<!-- This site is optimized with the Yoast SEO plugin v21.7 - https:\/\/yoast.com\/wordpress\/plugins\/seo\/ -->\n<title>Walentynki Dzie\u0144 Kobiet - HAPPY BUS - OLE\u015aNICA<\/title>\n<meta name=\"robots\" content=\"index, follow, max-snippet:-1, max-image-preview:large, max-video-preview:-1\" \/>\n<link rel=\"canonical\" href=\"https:\/\/happybus.pl\/index.php\/walentynki-dzien-kobiet-3\/\" \/>\n<meta property=\"og:locale\" content=\"pl_PL\" \/>\n<meta property=\"og:type\" content=\"article\" \/>\n<meta property=\"og:title\" content=\"Walentynki Dzie\u0144 Kobiet - HAPPY BUS - OLE\u015aNICA\" \/>\n<meta property=\"og:description\" content=\"Weekend w stolicy- WARSZAWAINFORMACJE OG\u00d3LNE Rodzaj imprezy: wycieczka Kraj\/miejscowo\u015b\u0107: Polska\/Warszawa Ilo\u015b\u0107 dni: 2 Ilo\u015b\u0107 nocleg\u00f3w: 1 Termin:16-17.05.2026 Wy\u017cywienie:HB Transport: autokar Cena: 550,00z\u0142 + 4,00z\u0142 TFG i TFP KOMUNIKAT UWAGA! WA\u017bNE przed dokonaniem rezerwacji! Rezerwacji dokonuje si\u0119 automatycznie przez klikni\u0119cie przycisku \u201eRezerwuj\u201d przy wybranym terminie i wype\u0142nienie pojawiaj\u0105cego si\u0119 formularza. Nale\u017cy dok\u0142adnie przeczyta\u0107 i zaznaczy\u0107 odpowiednie ...Czytaj wi\u0119cej...DZIE\u0143 KOBIET na promie do SZWECJIINFORMACJE OG\u00d3LNE Rodzaj imprezy: Wycieczka autokarowo-promowa Kraj\/miejscowo\u015b\u0107: Szwecja\/Karlskrona-Kalmar-Olandia + Gda\u0144sk i Toru\u0144 Ilo\u015b\u0107 dni: [&hellip;]\" \/>\n<meta property=\"og:url\" content=\"https:\/\/happybus.pl\/index.php\/walentynki-dzien-kobiet-3\/\" \/>\n<meta property=\"og:site_name\" content=\"HAPPY BUS - OLE\u015aNICA\" \/>\n<meta property=\"article:modified_time\" content=\"2024-01-22T12:37:18+00:00\" \/>\n<meta name=\"twitter:card\" content=\"summary_large_image\" \/>\n<meta name=\"twitter:label1\" content=\"Szacowany czas czytania\" \/>\n\t<meta name=\"twitter:data1\" content=\"2 minuty\" \/>\n<script type=\"application\/ld+json\" class=\"yoast-schema-graph\">{\"@context\":\"https:\/\/schema.org\",\"@graph\":[{\"@type\":\"WebPage\",\"@id\":\"https:\/\/happybus.pl\/index.php\/walentynki-dzien-kobiet-3\/\",\"url\":\"https:\/\/happybus.pl\/index.php\/walentynki-dzien-kobiet-3\/\",\"name\":\"Walentynki Dzie\u0144 Kobiet - HAPPY BUS - OLE\u015aNICA\",\"isPartOf\":{\"@id\":\"https:\/\/happybus.pl\/#website\"},\"datePublished\":\"2020-01-17T19:48:10+00:00\",\"dateModified\":\"2024-01-22T12:37:18+00:00\",\"breadcrumb\":{\"@id\":\"https:\/\/happybus.pl\/index.php\/walentynki-dzien-kobiet-3\/#breadcrumb\"},\"inLanguage\":\"pl-PL\",\"potentialAction\":[{\"@type\":\"ReadAction\",\"target\":[\"https:\/\/happybus.pl\/index.php\/walentynki-dzien-kobiet-3\/\"]}]},{\"@type\":\"BreadcrumbList\",\"@id\":\"https:\/\/happybus.pl\/index.php\/walentynki-dzien-kobiet-3\/#breadcrumb\",\"itemListElement\":[{\"@type\":\"ListItem\",\"position\":1,\"name\":\"Strona g\u0142\u00f3wna\",\"item\":\"https:\/\/happybus.pl\/\"},{\"@type\":\"ListItem\",\"position\":2,\"name\":\"Walentynki Dzie\u0144 Kobiet\"}]},{\"@type\":\"WebSite\",\"@id\":\"https:\/\/happybus.pl\/#website\",\"url\":\"https:\/\/happybus.pl\/\",\"name\":\"HAPPY BUS - OLE\u015aNICA\",\"description\":\"Wycieczki Krajowe i Zgarniczne\",\"potentialAction\":[{\"@type\":\"SearchAction\",\"target\":{\"@type\":\"EntryPoint\",\"urlTemplate\":\"https:\/\/happybus.pl\/?s={search_term_string}\"},\"query-input\":\"required name=search_term_string\"}],\"inLanguage\":\"pl-PL\"}]}<\/script>\n<!-- \/ Yoast SEO plugin. -->","yoast_head_json":{"title":"Walentynki Dzie\u0144 Kobiet - HAPPY BUS - OLE\u015aNICA","robots":{"index":"index","follow":"follow","max-snippet":"max-snippet:-1","max-image-preview":"max-image-preview:large","max-video-preview":"max-video-preview:-1"},"canonical":"https:\/\/happybus.pl\/index.php\/walentynki-dzien-kobiet-3\/","og_locale":"pl_PL","og_type":"article","og_title":"Walentynki Dzie\u0144 Kobiet - HAPPY BUS - OLE\u015aNICA","og_description":"Weekend w stolicy- WARSZAWAINFORMACJE OG\u00d3LNE Rodzaj imprezy: wycieczka Kraj\/miejscowo\u015b\u0107: Polska\/Warszawa Ilo\u015b\u0107 dni: 2 Ilo\u015b\u0107 nocleg\u00f3w: 1 Termin:16-17.05.2026 Wy\u017cywienie:HB Transport: autokar Cena: 550,00z\u0142 + 4,00z\u0142 TFG i TFP KOMUNIKAT UWAGA! WA\u017bNE przed dokonaniem rezerwacji! Rezerwacji dokonuje si\u0119 automatycznie przez klikni\u0119cie przycisku \u201eRezerwuj\u201d przy wybranym terminie i wype\u0142nienie pojawiaj\u0105cego si\u0119 formularza. Nale\u017cy dok\u0142adnie przeczyta\u0107 i zaznaczy\u0107 odpowiednie ...Czytaj wi\u0119cej...DZIE\u0143 KOBIET na promie do SZWECJIINFORMACJE OG\u00d3LNE Rodzaj imprezy: Wycieczka autokarowo-promowa Kraj\/miejscowo\u015b\u0107: Szwecja\/Karlskrona-Kalmar-Olandia + Gda\u0144sk i Toru\u0144 Ilo\u015b\u0107 dni: [&hellip;]","og_url":"https:\/\/happybus.pl\/index.php\/walentynki-dzien-kobiet-3\/","og_site_name":"HAPPY BUS - OLE\u015aNICA","article_modified_time":"2024-01-22T12:37:18+00:00","twitter_card":"summary_large_image","twitter_misc":{"Szacowany czas czytania":"2 minuty"},"schema":{"@context":"https:\/\/schema.org","@graph":[{"@type":"WebPage","@id":"https:\/\/happybus.pl\/index.php\/walentynki-dzien-kobiet-3\/","url":"https:\/\/happybus.pl\/index.php\/walentynki-dzien-kobiet-3\/","name":"Walentynki Dzie\u0144 Kobiet - HAPPY BUS - OLE\u015aNICA","isPartOf":{"@id":"https:\/\/happybus.pl\/#website"},"datePublished":"2020-01-17T19:48:10+00:00","dateModified":"2024-01-22T12:37:18+00:00","breadcrumb":{"@id":"https:\/\/happybus.pl\/index.php\/walentynki-dzien-kobiet-3\/#breadcrumb"},"inLanguage":"pl-PL","potentialAction":[{"@type":"ReadAction","target":["https:\/\/happybus.pl\/index.php\/walentynki-dzien-kobiet-3\/"]}]},{"@type":"BreadcrumbList","@id":"https:\/\/happybus.pl\/index.php\/walentynki-dzien-kobiet-3\/#breadcrumb","itemListElement":[{"@type":"ListItem","position":1,"name":"Strona g\u0142\u00f3wna","item":"https:\/\/happybus.pl\/"},{"@type":"ListItem","position":2,"name":"Walentynki Dzie\u0144 Kobiet"}]},{"@type":"WebSite","@id":"https:\/\/happybus.pl\/#website","url":"https:\/\/happybus.pl\/","name":"HAPPY BUS - OLE\u015aNICA","description":"Wycieczki Krajowe i Zgarniczne","potentialAction":[{"@type":"SearchAction","target":{"@type":"EntryPoint","urlTemplate":"https:\/\/happybus.pl\/?s={search_term_string}"},"query-input":"required name=search_term_string"}],"inLanguage":"pl-PL"}]}},"_links":{"self":[{"href":"https:\/\/happybus.pl\/index.php\/wp-json\/wp\/v2\/pages\/838"}],"collection":[{"href":"https:\/\/happybus.pl\/index.php\/wp-json\/wp\/v2\/pages"}],"about":[{"href":"https:\/\/happybus.pl\/index.php\/wp-json\/wp\/v2\/types\/page"}],"author":[{"embeddable":true,"href":"https:\/\/happybus.pl\/index.php\/wp-json\/wp\/v2\/users\/1"}],"replies":[{"embeddable":true,"href":"https:\/\/happybus.pl\/index.php\/wp-json\/wp\/v2\/comments?post=838"}],"version-history":[{"count":4,"href":"https:\/\/happybus.pl\/index.php\/wp-json\/wp\/v2\/pages\/838\/revisions"}],"predecessor-version":[{"id":1959,"href":"https:\/\/happybus.pl\/index.php\/wp-json\/wp\/v2\/pages\/838\/revisions\/1959"}],"wp:attachment":[{"href":"https:\/\/happybus.pl\/index.php\/wp-json\/wp\/v2\/media?parent=838"}],"curies":[{"name":"wp","href":"https:\/\/api.w.org\/{rel}","templated":true}]}}