{"id":789,"date":"2020-01-14T22:43:58","date_gmt":"2020-01-14T21:43:58","guid":{"rendered":"http:\/\/happybus.pl\/?page_id=789"},"modified":"2025-09-17T16:10:56","modified_gmt":"2025-09-17T14:10:56","slug":"majowka-2026","status":"publish","type":"page","link":"https:\/\/happybus.pl\/index.php\/majowka-2026\/","title":{"rendered":"MAJ\u00d3WKA 2026"},"content":{"rendered":"<div id=\"blog-1\" class=\"ui--blog ui--blog-wrapper ui--pass\" data-layout=\"mini\" data-columns=\"1\"><div class=\"ui--blog-item ui--animation ui--accent-gradient-hover-parent clearfix layout--mini\"><div class=\"ui--blog-content-wrapper\"><div class=\"ui--blog-header\"><h5 class=\"ui--blog-title entry-title\"><a class=\"ui--blog-link\" href=\"https:\/\/happybus.pl\/index.php\/2026\/04\/06\/praga-w-pigulce\/\">PRAGA w pigu\u0142ce<\/a><\/h5><\/div><div class=\"ui--blog-content\">INFORMACJE OG\u00d3LNE\n Rodzaj imprezy: Wycieczka jednodniowa\nKraj\/miejscowo\u015b\u0107: CZECHY\/Praga\nIlo\u015b\u0107 dni: 1\nIlo\u015b\u0107 nocleg\u00f3w:  nie dotyczy\nTermin:01.05,2026\nWy\u017cywienie:nie dotyczy\nTransport: autokar\nCena: 199,00z\u0142\n \n\n \n \n\n \nKOMUNIKAT UWAGA! WA\u017bNE przed dokonaniem rezerwacji!\nRezerwacji dokonuje si\u0119 automatycznie przez klikni\u0119cie przycisku \u201eRezerwuj\u201d przy wybranym terminie i wype\u0142nienie pojawiaj\u0105cego si\u0119 formularza. Nale\u017cy dok\u0142adnie przeczyta\u0107 i zaznaczy\u0107 odpowiednie pola wyboru przy dobrowolnych ...<\/div><div class=\"ui--blog-readmore more-link\"><a class=\"btn btn-small btn-secondary muted\" href=\"https:\/\/happybus.pl\/index.php\/2026\/04\/06\/praga-w-pigulce\/\">Czytaj wi\u0119cej...<\/a><\/div><\/div><\/div><div class=\"ui--blog-item ui--animation ui--accent-gradient-hover-parent clearfix layout--mini\"><div class=\"ui--blog-content-wrapper\"><div class=\"ui--blog-header\"><h5 class=\"ui--blog-title entry-title\"><a class=\"ui--blog-link\" href=\"https:\/\/happybus.pl\/index.php\/2026\/03\/25\/czeski-raj\/\">CZESKI RAJ- 3 pere\u0142ki w jeden dzie\u0144<\/a><\/h5><\/div><div class=\"ui--blog-content\">INFORMACJE OG\u00d3LNE\n Rodzaj imprezy: wycieczka jednodniowa\nKraj\/miejscowo\u015b\u0107: CZECHY-Czeski Raj\nIlo\u015b\u0107 dni: 1\nIlo\u015b\u0107 nocleg\u00f3w: nie dotyczy\nTermin:02.05.2026, 31.05.2026\nWy\u017cywienie: nie dotyczy\nTransport: autokar\nCena: 180,00\n \n\n \n \n\n \nKOMUNIKAT UWAGA! WA\u017bNE przed dokonaniem rezerwacji!\nRezerwacji dokonuje si\u0119 automatycznie przez klikni\u0119cie przycisku \u201eRezerwuj\u201d przy wybranym terminie i wype\u0142nienie pojawiaj\u0105cego si\u0119 formularza. Nale\u017cy dok\u0142adnie przeczyta\u0107 i zaznaczy\u0107 odpowiednie pola wyboru ...<\/div><div class=\"ui--blog-readmore more-link\"><a class=\"btn btn-small btn-secondary muted\" href=\"https:\/\/happybus.pl\/index.php\/2026\/03\/25\/czeski-raj\/\">Czytaj wi\u0119cej...<\/a><\/div><\/div><\/div><div class=\"ui--blog-item ui--animation ui--accent-gradient-hover-parent clearfix layout--mini\"><div class=\"ui--blog-content-wrapper\"><div class=\"ui--blog-header\"><h5 class=\"ui--blog-title entry-title\"><a class=\"ui--blog-link\" href=\"https:\/\/happybus.pl\/index.php\/2026\/01\/30\/magiczne-podlasie-kraina-wielu-kultur\/\">Magiczne  PODLASIE- kraina wielu kultur<\/a><\/h5><\/div><div class=\"ui--blog-content\">INFORMACJE OG\u00d3LNE\n Rodzaj imprezy: wycieczka\nKraj\/miejscowo\u015b\u0107: Polska\/Podlasie\nIlo\u015b\u0107 dni: 4\nIlo\u015b\u0107 nocleg\u00f3w:  3\nTermin: 28-31.05.2026\nWy\u017cywienie:HB\nTransport: autokar\nCena: 1250,00z\u0142\n \n\n \n \n\n \nKOMUNIKAT UWAGA! WA\u017bNE przed dokonaniem rezerwacji!\nRezerwacji  dokonuje si\u0119 automatycznie przez klikni\u0119cie przycisku \u201eRezerwuj\u201d przy wybranym terminie i wype\u0142nienie pojawiaj\u0105cego si\u0119 formularza.  Nale\u017cy dok\u0142adnie przeczyta\u0107 i zaznaczy\u0107 odpowiednie pola wyboru przy dobrowolnych ...<\/div><div class=\"ui--blog-readmore more-link\"><a class=\"btn btn-small btn-secondary muted\" href=\"https:\/\/happybus.pl\/index.php\/2026\/01\/30\/magiczne-podlasie-kraina-wielu-kultur\/\">Czytaj wi\u0119cej...<\/a><\/div><\/div><\/div><div class=\"ui--blog-item ui--animation ui--accent-gradient-hover-parent clearfix layout--mini\"><div class=\"ui--blog-content-wrapper\"><div class=\"ui--blog-header\"><h5 class=\"ui--blog-title entry-title\"><a class=\"ui--blog-link\" href=\"https:\/\/happybus.pl\/index.php\/2026\/01\/26\/bawaria-bajeczne-zamki-ludwika-szalonego-i-alpy\/\">BAWARIA-Bajeczne zamki Ludwika Szalonego i Alpy + Salzburg<\/a><\/h5><\/div><div class=\"ui--blog-content\">INFORMACJE OG\u00d3LNE\n Rodzaj imprezy: Wycieczka objazdowa\nKraj\/miejscowo\u015b\u0107: Austria\/Niemcy- Salzburg i Bawaria\nIlo\u015b\u0107 dni: 6\nIlo\u015b\u0107 nocleg\u00f3w:  3\nTermin: 21-26.07.2026\nWy\u017cywienie:HB\nTransport: autokar\nCena: 1695,00z\u0142 +150 Euro\n \n\n \n \n\n \nKOMUNIKAT UWAGA!!!! W Karlskronie i innych miejscach za wej\u015bcia do obiekt\u00f3w mo\u017cliwo\u015b\u0107 p\u0142atno\u015bci wy\u0142\u0105cznie kart\u0105 p\u0142atnicz\u0105. Wiele miejsc w Szwecji przesta\u0142o ostatnio przyjmowa\u0107 got\u00f3wk\u0119!!!!\nUWAGA! WA\u017bNE przed dokonaniem ...<\/div><div class=\"ui--blog-readmore more-link\"><a class=\"btn btn-small btn-secondary muted\" href=\"https:\/\/happybus.pl\/index.php\/2026\/01\/26\/bawaria-bajeczne-zamki-ludwika-szalonego-i-alpy\/\">Czytaj wi\u0119cej...<\/a><\/div><\/div><\/div><div class=\"ui--blog-item ui--animation ui--accent-gradient-hover-parent clearfix layout--mini\"><div class=\"ui--blog-content-wrapper\"><div class=\"ui--blog-header\"><h5 class=\"ui--blog-title entry-title\"><a class=\"ui--blog-link\" href=\"https:\/\/happybus.pl\/index.php\/2025\/06\/12\/slowenia-chorwacja-przez-gory-jaskinie-jeziora-nad-adriatyk-wycieczka-objazdowa\/\">S\u0141OWENIA-CHORWACJA- przez g\u00f3ry, jaskinie, jeziora, wodospady nad Adriatyk- wycieczka objazdowa<\/a><\/h5><\/div><div class=\"ui--blog-content\">INFORMACJE OG\u00d3LNE\n Rodzaj imprezy: Wycieczka objazdowa\nKraj\/miejscowo\u015b\u0107: S\u0141OWENIA-CHORWACJA\/ Bled,-Postojna-Rovinj-Pula-Plitvickie Jeziora-Zadar-Pag-Wodospady Rzeki Krka-Trogir-Split\nIlo\u015b\u0107 dni: 8\nIlo\u015b\u0107 nocleg\u00f3w: 5\nTermin:16-23.05.2026\nWy\u017cywienie:HB\nTransport: autokar\nCena: 1790,00z\u0142+190Euro + TFG i TFP 20.00z\u0142\n \n\n \n \n\n \nKOMUNIKAT UWAGA! WA\u017bNE przed dokonaniem rezerwacji!\nRezerwacji  dokonuje si\u0119 automatycznie przez klikni\u0119cie przycisku \u201eRezerwuj\u201d przy wybranym terminie i wype\u0142nienie pojawiaj\u0105cego si\u0119 formularza.  Nale\u017cy dok\u0142adnie ...<\/div><div class=\"ui--blog-readmore more-link\"><a class=\"btn btn-small btn-secondary muted\" href=\"https:\/\/happybus.pl\/index.php\/2025\/06\/12\/slowenia-chorwacja-przez-gory-jaskinie-jeziora-nad-adriatyk-wycieczka-objazdowa\/\">Czytaj wi\u0119cej...<\/a><\/div><\/div><\/div><div class=\"ui--blog-item ui--animation ui--accent-gradient-hover-parent clearfix layout--mini\"><div class=\"ui--blog-content-wrapper\"><div class=\"ui--blog-header\"><h5 class=\"ui--blog-title entry-title\"><a class=\"ui--blog-link\" href=\"https:\/\/happybus.pl\/index.php\/2025\/04\/03\/czerwonym-pociagiem-przez-alpy-szwajcaria-i-wlochy\/\">Czerwonym Poci\u0105giem przez Alpy- Szwajcaria i W\u0142ochy<\/a><\/h5><\/div><div class=\"ui--blog-content\">INFORMACJE OG\u00d3LNE\n Rodzaj imprezy: wycieczka objazdowa\nKraj\/miejscowo\u015b\u0107: Szwajcaria-W\u0142ochy\/ Zurych-Wodospady Rheinfall-Jezioro Como-Mediolan\nIlo\u015b\u0107 dni: 6\nIlo\u015b\u0107 nocleg\u00f3w: 3\nTermin: 25-30.05.2026, 13-18.10.2026\nWy\u017cywienie: BB\/HB wg programu\nTransport: autokar\nCena: 1690,00z\u0142 +100,00 Euro + 360,00z\u0142( bilet na Bernina Express z miejsc\u00f3wk\u0105)\n \n\n \n \n\n \nKOMUNIKAT UWAGA! WA\u017bNE przed dokonaniem rezerwacji!\nRezerwacji  dokonuje si\u0119 automatycznie przez klikni\u0119cie przycisku \u201eRezerwuj\u201d przy wybranym ...<\/div><div class=\"ui--blog-readmore more-link\"><a class=\"btn btn-small btn-secondary muted\" href=\"https:\/\/happybus.pl\/index.php\/2025\/04\/03\/czerwonym-pociagiem-przez-alpy-szwajcaria-i-wlochy\/\">Czytaj wi\u0119cej...<\/a><\/div><\/div><\/div><div class=\"ui--blog-item ui--animation ui--accent-gradient-hover-parent clearfix layout--mini\"><div class=\"ui--blog-content-wrapper\"><div class=\"ui--blog-header\"><h5 class=\"ui--blog-title entry-title\"><a class=\"ui--blog-link\" href=\"https:\/\/happybus.pl\/index.php\/2025\/01\/22\/wieden-urokliwa-dolina-wachau\/\">WIEDE\u0143 + urokliwa DOLINA WACHAU<\/a><\/h5><\/div><div class=\"ui--blog-content\">INFORMACJE OG\u00d3LNE\n Rodzaj imprezy: wycieczka objazdowa\nKraj\/miejscowo\u015b\u0107: Austria\/ Wiede\u0144 i Dolina Wachau\nIlo\u015b\u0107 dni: 3\nIlo\u015b\u0107 nocleg\u00f3w:   2\nTermin: 26-28.06.2026\nWy\u017cywienie: BB\nTransport: autokar\nCena: 899,00z\u0142\n \n\n \n \n\n \nKOMUNIKAT UWAGA! WA\u017bNE przed dokonaniem rezerwacji!\nRezerwacji dokonuje si\u0119 automatycznie przez klikni\u0119cie przycisku \u201eRezerwuj\u201d przy wybranym terminie i wype\u0142nienie pojawiaj\u0105cego si\u0119 formularza. Nale\u017cy dok\u0142adnie przeczyta\u0107 i zaznaczy\u0107 ...<\/div><div class=\"ui--blog-readmore more-link\"><a class=\"btn btn-small btn-secondary muted\" href=\"https:\/\/happybus.pl\/index.php\/2025\/01\/22\/wieden-urokliwa-dolina-wachau\/\">Czytaj wi\u0119cej...<\/a><\/div><\/div><\/div><div class=\"ui--blog-item ui--animation ui--accent-gradient-hover-parent clearfix layout--mini\"><div class=\"ui--blog-content-wrapper\"><div class=\"ui--blog-header\"><h5 class=\"ui--blog-title entry-title\"><a class=\"ui--blog-link\" href=\"https:\/\/happybus.pl\/index.php\/2022\/01\/27\/paryz-5-dni\/\">Pary\u017c 5 dni<\/a><\/h5><\/div><div class=\"ui--blog-content\">INFORMACJE OG\u00d3LNE\n Rodzaj imprezy: Wycieczka\nKraj\/miejscowo\u015b\u0107: Francja\/Pary\u017c\nIlo\u015b\u0107 dni: 5\nIlo\u015b\u0107 nocleg\u00f3w: 2  \nTermin:  06-10.05.2026, 21-25.10.2026\nWy\u017cywienie: 2 \u015bniadania\nTransport: Autokar\nCena: 1190z\u0142\/osoba +75,00 Euro\n\n \n\n \n \n\n \nKOMUNIKATUWAGA! WA\u017bNE przed dokonaniem rezerwacji!\nRezerwacji  dokonuje si\u0119 automatycznie przez klikni\u0119cie przycisku \u201eRezerwuj\u201d przy wybranym terminie i wype\u0142nienie pojawiaj\u0105cego si\u0119 formularza.  Nale\u017cy dok\u0142adnie przeczyta\u0107 i ...<\/div><div class=\"ui--blog-readmore more-link\"><a class=\"btn btn-small btn-secondary muted\" href=\"https:\/\/happybus.pl\/index.php\/2022\/01\/27\/paryz-5-dni\/\">Czytaj wi\u0119cej...<\/a><\/div><\/div><\/div><div class=\"ui--blog-item ui--animation ui--accent-gradient-hover-parent clearfix layout--mini last-item\"><div class=\"ui--blog-content-wrapper\"><div class=\"ui--blog-header\"><h5 class=\"ui--blog-title entry-title\"><a class=\"ui--blog-link\" href=\"https:\/\/happybus.pl\/index.php\/2020\/01\/14\/majowka-bratyslawa-budapeszt-zakole-dunaju\/\">Wypad nad Dunaj-  BRATYS\u0141AWA- BUDAPESZT-ZAKOLE DUNAJU<\/a><\/h5><\/div><div class=\"ui--blog-content\">INFORMACJE OG\u00d3LNE\n Rodzaj imprezy: BRATYS\u0141AWA- BUDAPESZT-ZAKOLE DUNAJU\nKraj\/miejscowo\u015b\u0107: S\u0142owacja-W\u0119gry\/ Bratys\u0142awa-Budapeszt-Zakole Dunaju\nIlo\u015b\u0107 dni: 4\nIlo\u015b\u0107 nocleg\u00f3w: 3\nTermin: 30.04-03.05.2026, 16-19.07.2026\nWy\u017cywienie: BB- 3 \u015bniadania\nTransport: Autokar\nCena: 1150,00z\u0142\/os + TFG iTFP\nBudapeszt przez obie\u017cy\u015bwiat\u00f3w od niepami\u0119tnych czas\u00f3w uwa\u017cany jest za jedno z najpi\u0119kniejszych i najnowocze\u015bniejszych miast europejskich. Naddunajska stolica zwana Pary\u017cem Wschodniej Europy z pewno\u015bci\u0105 zas\u0142uguje na to ...<\/div><div class=\"ui--blog-readmore more-link\"><a class=\"btn btn-small btn-secondary muted\" href=\"https:\/\/happybus.pl\/index.php\/2020\/01\/14\/majowka-bratyslawa-budapeszt-zakole-dunaju\/\">Czytaj wi\u0119cej...<\/a><\/div><\/div><\/div><\/div>","protected":false},"excerpt":{"rendered":"<p>PRAGA w pigu\u0142ceINFORMACJE OG\u00d3LNE Rodzaj imprezy: Wycieczka jednodniowa Kraj\/miejscowo\u015b\u0107: CZECHY\/Praga Ilo\u015b\u0107 dni: 1 Ilo\u015b\u0107 nocleg\u00f3w: nie dotyczy Termin:01.05,2026 Wy\u017cywienie:nie dotyczy Transport: autokar Cena: 199,00z\u0142 KOMUNIKAT UWAGA! WA\u017bNE przed dokonaniem rezerwacji! Rezerwacji dokonuje si\u0119 automatycznie przez klikni\u0119cie przycisku \u201eRezerwuj\u201d przy wybranym terminie i wype\u0142nienie pojawiaj\u0105cego si\u0119 formularza. Nale\u017cy dok\u0142adnie przeczyta\u0107 i zaznaczy\u0107 odpowiednie pola wyboru przy dobrowolnych &#8230;Czytaj wi\u0119cej&#8230;CZESKI RAJ- 3 pere\u0142ki w jeden dzie\u0144INFORMACJE OG\u00d3LNE Rodzaj imprezy: wycieczka jednodniowa Kraj\/miejscowo\u015b\u0107: CZECHY-Czeski Raj Ilo\u015b\u0107 dni: 1 [&hellip;]<\/p>\n","protected":false},"author":1,"featured_media":0,"parent":0,"menu_order":0,"comment_status":"closed","ping_status":"closed","template":"page-sidebar-left.php","meta":{"footnotes":""},"yoast_head":"<!-- This site is optimized with the Yoast SEO plugin v21.7 - https:\/\/yoast.com\/wordpress\/plugins\/seo\/ -->\n<title>MAJ\u00d3WKA 2026 - HAPPY BUS - OLE\u015aNICA<\/title>\n<meta name=\"robots\" content=\"index, follow, max-snippet:-1, max-image-preview:large, max-video-preview:-1\" \/>\n<link rel=\"canonical\" href=\"https:\/\/happybus.pl\/index.php\/majowka-2026\/\" \/>\n<meta property=\"og:locale\" content=\"pl_PL\" \/>\n<meta property=\"og:type\" content=\"article\" \/>\n<meta property=\"og:title\" content=\"MAJ\u00d3WKA 2026 - HAPPY BUS - OLE\u015aNICA\" \/>\n<meta property=\"og:description\" content=\"PRAGA w pigu\u0142ceINFORMACJE OG\u00d3LNE Rodzaj imprezy: Wycieczka jednodniowa Kraj\/miejscowo\u015b\u0107: CZECHY\/Praga Ilo\u015b\u0107 dni: 1 Ilo\u015b\u0107 nocleg\u00f3w: nie dotyczy Termin:01.05,2026 Wy\u017cywienie:nie dotyczy Transport: autokar Cena: 199,00z\u0142 KOMUNIKAT UWAGA! WA\u017bNE przed dokonaniem rezerwacji! Rezerwacji dokonuje si\u0119 automatycznie przez klikni\u0119cie przycisku \u201eRezerwuj\u201d przy wybranym terminie i wype\u0142nienie pojawiaj\u0105cego si\u0119 formularza. Nale\u017cy dok\u0142adnie przeczyta\u0107 i zaznaczy\u0107 odpowiednie pola wyboru przy dobrowolnych ...Czytaj wi\u0119cej...CZESKI RAJ- 3 pere\u0142ki w jeden dzie\u0144INFORMACJE OG\u00d3LNE Rodzaj imprezy: wycieczka jednodniowa Kraj\/miejscowo\u015b\u0107: CZECHY-Czeski Raj Ilo\u015b\u0107 dni: 1 [&hellip;]\" \/>\n<meta property=\"og:url\" content=\"https:\/\/happybus.pl\/index.php\/majowka-2026\/\" \/>\n<meta property=\"og:site_name\" content=\"HAPPY BUS - OLE\u015aNICA\" \/>\n<meta property=\"article:modified_time\" content=\"2025-09-17T14:10:56+00:00\" \/>\n<meta name=\"twitter:card\" content=\"summary_large_image\" \/>\n<meta name=\"twitter:label1\" content=\"Szacowany czas czytania\" \/>\n\t<meta name=\"twitter:data1\" content=\"1 minuta\" \/>\n<script type=\"application\/ld+json\" class=\"yoast-schema-graph\">{\"@context\":\"https:\/\/schema.org\",\"@graph\":[{\"@type\":\"WebPage\",\"@id\":\"https:\/\/happybus.pl\/index.php\/majowka-2026\/\",\"url\":\"https:\/\/happybus.pl\/index.php\/majowka-2026\/\",\"name\":\"MAJ\u00d3WKA 2026 - HAPPY BUS - OLE\u015aNICA\",\"isPartOf\":{\"@id\":\"https:\/\/happybus.pl\/#website\"},\"datePublished\":\"2020-01-14T21:43:58+00:00\",\"dateModified\":\"2025-09-17T14:10:56+00:00\",\"breadcrumb\":{\"@id\":\"https:\/\/happybus.pl\/index.php\/majowka-2026\/#breadcrumb\"},\"inLanguage\":\"pl-PL\",\"potentialAction\":[{\"@type\":\"ReadAction\",\"target\":[\"https:\/\/happybus.pl\/index.php\/majowka-2026\/\"]}]},{\"@type\":\"BreadcrumbList\",\"@id\":\"https:\/\/happybus.pl\/index.php\/majowka-2026\/#breadcrumb\",\"itemListElement\":[{\"@type\":\"ListItem\",\"position\":1,\"name\":\"Strona g\u0142\u00f3wna\",\"item\":\"https:\/\/happybus.pl\/\"},{\"@type\":\"ListItem\",\"position\":2,\"name\":\"MAJ\u00d3WKA 2026\"}]},{\"@type\":\"WebSite\",\"@id\":\"https:\/\/happybus.pl\/#website\",\"url\":\"https:\/\/happybus.pl\/\",\"name\":\"HAPPY BUS - OLE\u015aNICA\",\"description\":\"Wycieczki Krajowe i Zgarniczne\",\"potentialAction\":[{\"@type\":\"SearchAction\",\"target\":{\"@type\":\"EntryPoint\",\"urlTemplate\":\"https:\/\/happybus.pl\/?s={search_term_string}\"},\"query-input\":\"required name=search_term_string\"}],\"inLanguage\":\"pl-PL\"}]}<\/script>\n<!-- \/ Yoast SEO plugin. -->","yoast_head_json":{"title":"MAJ\u00d3WKA 2026 - HAPPY BUS - OLE\u015aNICA","robots":{"index":"index","follow":"follow","max-snippet":"max-snippet:-1","max-image-preview":"max-image-preview:large","max-video-preview":"max-video-preview:-1"},"canonical":"https:\/\/happybus.pl\/index.php\/majowka-2026\/","og_locale":"pl_PL","og_type":"article","og_title":"MAJ\u00d3WKA 2026 - HAPPY BUS - OLE\u015aNICA","og_description":"PRAGA w pigu\u0142ceINFORMACJE OG\u00d3LNE Rodzaj imprezy: Wycieczka jednodniowa Kraj\/miejscowo\u015b\u0107: CZECHY\/Praga Ilo\u015b\u0107 dni: 1 Ilo\u015b\u0107 nocleg\u00f3w: nie dotyczy Termin:01.05,2026 Wy\u017cywienie:nie dotyczy Transport: autokar Cena: 199,00z\u0142 KOMUNIKAT UWAGA! WA\u017bNE przed dokonaniem rezerwacji! Rezerwacji dokonuje si\u0119 automatycznie przez klikni\u0119cie przycisku \u201eRezerwuj\u201d przy wybranym terminie i wype\u0142nienie pojawiaj\u0105cego si\u0119 formularza. Nale\u017cy dok\u0142adnie przeczyta\u0107 i zaznaczy\u0107 odpowiednie pola wyboru przy dobrowolnych ...Czytaj wi\u0119cej...CZESKI RAJ- 3 pere\u0142ki w jeden dzie\u0144INFORMACJE OG\u00d3LNE Rodzaj imprezy: wycieczka jednodniowa Kraj\/miejscowo\u015b\u0107: CZECHY-Czeski Raj Ilo\u015b\u0107 dni: 1 [&hellip;]","og_url":"https:\/\/happybus.pl\/index.php\/majowka-2026\/","og_site_name":"HAPPY BUS - OLE\u015aNICA","article_modified_time":"2025-09-17T14:10:56+00:00","twitter_card":"summary_large_image","twitter_misc":{"Szacowany czas czytania":"1 minuta"},"schema":{"@context":"https:\/\/schema.org","@graph":[{"@type":"WebPage","@id":"https:\/\/happybus.pl\/index.php\/majowka-2026\/","url":"https:\/\/happybus.pl\/index.php\/majowka-2026\/","name":"MAJ\u00d3WKA 2026 - HAPPY BUS - OLE\u015aNICA","isPartOf":{"@id":"https:\/\/happybus.pl\/#website"},"datePublished":"2020-01-14T21:43:58+00:00","dateModified":"2025-09-17T14:10:56+00:00","breadcrumb":{"@id":"https:\/\/happybus.pl\/index.php\/majowka-2026\/#breadcrumb"},"inLanguage":"pl-PL","potentialAction":[{"@type":"ReadAction","target":["https:\/\/happybus.pl\/index.php\/majowka-2026\/"]}]},{"@type":"BreadcrumbList","@id":"https:\/\/happybus.pl\/index.php\/majowka-2026\/#breadcrumb","itemListElement":[{"@type":"ListItem","position":1,"name":"Strona g\u0142\u00f3wna","item":"https:\/\/happybus.pl\/"},{"@type":"ListItem","position":2,"name":"MAJ\u00d3WKA 2026"}]},{"@type":"WebSite","@id":"https:\/\/happybus.pl\/#website","url":"https:\/\/happybus.pl\/","name":"HAPPY BUS - OLE\u015aNICA","description":"Wycieczki Krajowe i Zgarniczne","potentialAction":[{"@type":"SearchAction","target":{"@type":"EntryPoint","urlTemplate":"https:\/\/happybus.pl\/?s={search_term_string}"},"query-input":"required name=search_term_string"}],"inLanguage":"pl-PL"}]}},"_links":{"self":[{"href":"https:\/\/happybus.pl\/index.php\/wp-json\/wp\/v2\/pages\/789"}],"collection":[{"href":"https:\/\/happybus.pl\/index.php\/wp-json\/wp\/v2\/pages"}],"about":[{"href":"https:\/\/happybus.pl\/index.php\/wp-json\/wp\/v2\/types\/page"}],"author":[{"embeddable":true,"href":"https:\/\/happybus.pl\/index.php\/wp-json\/wp\/v2\/users\/1"}],"replies":[{"embeddable":true,"href":"https:\/\/happybus.pl\/index.php\/wp-json\/wp\/v2\/comments?post=789"}],"version-history":[{"count":7,"href":"https:\/\/happybus.pl\/index.php\/wp-json\/wp\/v2\/pages\/789\/revisions"}],"predecessor-version":[{"id":4059,"href":"https:\/\/happybus.pl\/index.php\/wp-json\/wp\/v2\/pages\/789\/revisions\/4059"}],"wp:attachment":[{"href":"https:\/\/happybus.pl\/index.php\/wp-json\/wp\/v2\/media?parent=789"}],"curies":[{"name":"wp","href":"https:\/\/api.w.org\/{rel}","templated":true}]}}